 (base 12) to base 14
579
Convert 331166 (base 7) to base 4.
32023100
1011000 (base 3) to base 13
4c5
Convert -823 (base 10) to base 13.
-4b4
What is -165 (base 7) in base 2?
-1100000
What is -1160 (base 8) in base 2?
-1001110000
-1013303 (base 5) to base 12
-97bb
What is 9d (base 15) in base 13?
b5
-454 (base 7) to base 4
-3223
What is 22 (base 8) in base 16?
12
-277 (base 14) to base 15
-232
Convert -101101011111001 (base 2) to base 14.
-86b7
What is 2f5 (base 16) in base 3?
1001001
-1001101 (base 4) to base 8
-10121
-54352 (base 6) to base 5
-214414
What is -aa4 (base 11) in base 15?
-5d4
11221 (base 3) to base 6
341
What is -2170 (base 9) in base 6?
-11230
3335 (base 6) to base 5
11104
What is 111000011101 (base 2) in base 11?
2795
-583 (base 14) to base 2
-10001000111
What is 121020 (base 4) in base 5?
22413
What is 313143 (base 5) in base 16?
28b7
Convert -1100010111101 (base 2) to base 9.
-8616
What is 1b514 (base 14) in base 8?
207736
10221210 (base 3) to base 8
5503
What is -1164 (base 12) in base 4?
-132130
Convert 1096 (base 15) to base 3.
11211020
Convert 12200120 (base 3) to base 11.
312a
-4154 (base 6) to base 3
-1021121
What is 101010010 (base 2) in base 5?
2323
Convert 26688 (base 11) to base 7.
216023
1321421 (base 5) to base 10
26486
700 (base 16) to base 15
7e7
What is 5e17 (base 16) in base 8?
57027
Convert 200 (base 15) to base 11.
37a
Convert 6a27 (base 12) to base 2.
10111000111111
What is 1502 (base 6) in base 14?
206
Convert -4915 (base 10) to base 4.
-1030303
Convert 55550 (base 8) to base 4.
11231220
What is 11111010110 (base 2) in base 4?
133112
What is 1120001 (base 3) in base 2?
10001101111
43145 (base 6) to base 14
2213
-3105 (base 6) to base 3
-221112
What is -2421 (base 9) in base 4?
-130021
What is 5be6 (base 16) in base 13?
a929
What is -17655 (base 12) in base 10?
-33761
-22221 (base 3) to base 13
-157
Convert 13001323 (base 4) to base 11.
1a6a8
Convert 585 (base 13) to base 15.
439
Convert 7a8 (base 12) to base 16.
470
What is b361 (base 16) in base 14?
12a41
-14532 (base 12) to base 7
-145550
What is -204a4 (base 12) in base 11?
-29759
What is -7302 (base 12) in base 2?
-11000011110010
Convert -1110001010011 (base 2) to base 7.
-30066
What is 7552 (base 10) in base 5?
220202
What is 1014 (base 12) in base 7?
5041
Convert 68a (base 11) to base 12.
588
What is -13a38 (base 11) in base 14?
-7365
What is -1185 (base 9) in base 5?
-12022
Convert 1334 (base 6) to base 4.
11122
What is -320 (base 5) in base 8?
-125
Convert -1220102121 (base 3) to base 12.
-19844
What is -246 (base 11) in base 7?
-565
Convert -99 (base 13) to base 5.
-1001
-40b3 (base 15) to base 2
-11010101100100
-ba3a (base 15) to base 7
-222646
-1318 (base 10) to base 11
-a99
Convert -1153 (base 6) to base 3.
-101120
What is 1112110102 (base 3) in base 14?
b02c
What is -2001102121 (base 3) in base 4?
-21313120
-130 (base 5) to base 15
-2a
Convert -1210033 (base 5) to base 3.
-1010220000
-1301 (base 10) to base 12
-905
What is -a9 (base 14) in base 6?
-405
110101001000001 (base 2) to base 13
c4c5
Convert 42 (base 14) to base 6.
134
Convert -2082 (base 12) to base 5.
-103204
-271 (base 11) to base 16
-140
-1000100001 (base 2) to base 6
-2305
What is 11000010101010 (base 2) in base 8?
30252
1002201111 (base 3) to base 11
15308
Convert 110010100 (base 3) to base 12.
5146
Convert 12131123 (base 4) to base 14.
98dd
What is 41404 (base 6) in base 8?
12654
What is -50b (base 16) in base 7?
-3523
-5d80 (base 15) to base 12
-b640
Convert 1723 (base 9) to base 11.
a98
Convert -74513 (base 8) to base 2.
-111100101001011
Convert 4452 (base 8) to base 2.
100100101010
Convert 2d7c (base 14) to base 10.
8146
What is -7993 (base 10) in base 4?
-1330321
Convert -618 (base 15) to base 9.
-1785
-1d54 (base 14) to base 16
-14f6
Convert 33147 (base 9) to base 8.
52752
What is 3785 (base 11) in base 15?
16dd
5441 (base 8) to base 10
2849
What is 16603 (base 7) in base 4?
1022110
Convert -232151 (base 6) to base 11.
-13a87
-101020012 (base 3) to base 12
-4395
Convert 568 (base 11) to base 5.
10204
What is 745 (base 12) in base 5?
13221
What is a3a (base 12) in base 15?
691
11042 (base 6) to base 15
6c8
Convert 3b17 (base 12) to base 7.
25534
c34 (base 13) to base 7
6016
-53062 (base 7) to base 15
-3d1d
116 (base 15) to base 14
138
2420 (base 11) to base 2
110001100000
What is 3232 (base 11) in base 4?
1002232
21260 (base 7) to base 3
21020202
What is -127b (base 13) in base 6?
-20113
What is 606 (base 14) in base 13?
6cc
-386 (base 13) to base 4
-21221
What is 9540 (base 12) in base 4?
3333000
-26c1 (base 16) to base 3
-111121110
What is 33122 (base 4) in base 8?
1732
Convert c9 (base 13) to base 3.
20010
What is 1203 (base 7) in base 3?
121110
What is 2021220 (base 3) in base 8?
3207
What is -115042 (base 6) in base 8?
-23702
Convert 252531 (base 6) to base 12.
11147
Convert 4445 (base 7) to base 16.
641
Convert -100442 (base 5) to base 10.
-3247
5887 (base 14) to base 11
10637
70a (base 15) to base 7
4423
What is -1265 (base 7) in base 12?
-348
21300211 (base 4) to base 5
2234343
4a48 (base 12) to base 7
33341
What is 21000 (base 5) in base 2?
10101011111
-55b0 (base 13) to base 15
-3833
-8827 (base 16) to base 7
-203422
What is -2153 (base 6) in base 11?
-416
Convert -9409 (base 11) to base 13.
-58a5
Convert 14e8 (base 16) to base 11.
4026
What is 1668 (base 16) in base 7?
22503
344 (base 15) to base 13
44b
What is 4a6 (base 12) in base 13?
420
Convert 170545 (base 8) to base 3.
10010202210
What is -1410 (base 8) in base 13?
-479
Convert -13322 (base 5) to base 16.
-43f
-7e (base 15) to base 4
-1313
20b (base 14) to base 16
193
Convert -38b6 (base 12) to base 5.
-201344
Convert -1211120 (base 3) to base 5.
-20323
Convert 101110221 (base 3) to base 7.
31162
What is -7611 (base 9) in base 5?
-134344
What is -9b4 (base 13) in base 7?
-4602
-10101001120 (base 3) to base 7
-364350
Convert -3546 (base 8) to base 6.
-12434
What is e3 (base 16) in base 8?
343
130141 (base 5) to base 8
11666
a314 (base 12) to base 7
102454
What is 2435 (base 7) in base 10?
908
10011100000 (base 2) to base 13
750
What is 1a9 (base 16) in base 5?
3200
What is 13210303 (base 4) in base 16?
7933
10101 (base 5) to base 12
463
Convert a963 (base 11) to base 10.
14468
Convert -7665 (base 9) to base 3.
-21202012
Convert 30503 (base 8) to base 14.
484b
What is 6a3c (base 13) in base 8?
35113
374 (base 12) to base 13
310
1da (base 15) to base 2
110101110
What is 22313 (base 8) in base 10?
9419
What is -12844 (base 9) in base 14?
-325d
2a3 (base 16) to base 10
675
Convert 8213 (base 9) to base 6.
43450
Convert 34132 (base 6) to base 4.
1023020
-91c (base 13) to base 11
-1186
-2064 (base 8) to base 12
-758
3432 (base 11) to base 12
2740
Convert 1112102101 (base 3) to base 7.
154015
What is -12b1 (base 14) in base 16?
-cdb
111222022 (base 3) to base 9
14868
What is 213210 (base 4) in base 14?
ccc
What is a8a9 (base 11) in base 12?
83b9
13301000 (base 4) to base 14
b840
What is 10a0 (base 11) in base 14?
74d
-220012 (base 3) to base 11
-544
What is 111100000100011 (base 2) in base 12?
1596b
-22103332 (base 4) to base 14
-11570
What is -277 (base 14) in base 15?
-232
Convert -c47 (base 16) to base 6.
-22315
20560 (base 8) to base 2
10000101110000
-6777 (base 9) to base 10
-5011
Convert -9d (base 15) to base 8.
-224
-11221 (base 6) to base 13
-95b
What is 211b (base 13) in base 15?
155c
Convert -d4b (base 16) to base 13.
-171a
Convert 42763 (base 8) to base 15.
548c
What is -4a38 (base 12) in base 13?
-3a8b
Convert 23226 (base 8) to base 13.
465b
What is 34025 (base 8) in base 16?
3815
What is -39b (base 14) in base 6?
-3205
Convert 167363 (base 8) to base 3.
10002220121
-1100111000 (base 2) to base 13
-4b5
What is -8c2 (base 14) in base 7?
-5032
What is 21100111 (base 3) in base 16?
14ef
20301230 (base 4) to base 10
35948
Convert 9086 (base 13) to base 6.
232015
362 (base 12) to base 3
200202
What is -202201 (base 3) in base 5?
-4214
Convert 332 (base 6) to base 15.
88
Convert 20f (base 16) to base 8.
1017
What is 33404 (base 7) in base 12?
4a68
Convert -211122222 (base 3) to base 7.
-66113
-17737 (base 8) to base 13
-3938
Convert -1e0 (base 16) to base 10.
-480
1022121 (base 3) to base 4
33001
What 